{"id":2843,"date":"2021-01-25T16:23:12","date_gmt":"2021-01-25T15:23:12","guid":{"rendered":"https:\/\/www.industriekultur-krefeld.org\/?page_id=2843"},"modified":"2021-03-06T19:10:32","modified_gmt":"2021-03-06T18:10:32","slug":"weiterfuehrendes","status":"publish","type":"page","link":"https:\/\/www.industriekultur-krefeld.org\/index.php\/weiterfuehrendes\/","title":{"rendered":"Weiterf\u00fchrendes"},"content":{"rendered":"\n<h3 class=\"wp-block-heading\">Geschichte Uerdingens:<\/h3>\n\n\n\n<p>Wir arbeiten eng und gerne mit lokal t\u00e4tigen und begeisterten Heimatforschern wie&nbsp;<a href=\"https:\/\/www.horst-peterburs.de\/\">Horst Peterburs in Uerdingen<\/a> mit seiner spannenden Website zusammen.<\/p>\n\n\n\n<p>Und nat\u00fcrlich gern auch mit dem Ged\u00e4chtnis der <strong>Stadt Uerdingen am Rhein<\/strong>, <br>dem <a href=\"https:\/\/www.uerdinger-heimatbund.de\">Uerdinger Heimatbund e.V.<\/a><\/p>\n\n\n\n<h3 class=\"wp-block-heading\">Geschichte Krefelds im Jahrbuch:<\/h3>\n\n\n\n<p>Eine Institution in Krefeld und im ganzen Rheinland ist die Arbeit des&nbsp;<a href=\"https:\/\/heimat-krefeld.de\/der-verein\/\">VEREIN F\u00dcR HEIMATKUNDE IN KREFELD E.V.<\/a>&nbsp;und die Publikationen die in&nbsp;<strong><a href=\"https:\/\/heimat-krefeld.de\/jahrbuecher\/\">Die Heimat \u2013 dem Krefelder Jahrbuch<\/a><\/strong>, herausgegeben seit 1921, zu finden sind. Hier kann auch im&nbsp;<a href=\"https:\/\/heimat-krefeld.de\/app\/uploads\/2017\/09\/Die-Heimat-Register-01-89.pdf\">Personen und Stichwortverzeichnis der Jahrb\u00fccher gesucht werden<\/a>.<\/p>\n\n\n\n<h3 class=\"wp-block-heading\">Stadtarchiv:<\/h3>\n\n\n\n<p>Unerl\u00e4\u00dflich und eine stete Quelle tiefer Recherche ist das historische Ged\u00e4chtnis der Stadt Krefeld, das Stadtarchiv. Dort werden Akten, Amtsb\u00fccher, Urkunden, Ratsprotokolle, Vertr\u00e4ge, Karten und Pl\u00e4ne zur Einsichtnahme und Auswertung bereitgehalten. Ein Tipp, das Stadtarchiv twittert:&nbsp;<a href=\"https:\/\/twitter.com\/StadtarchivKR\">https:\/\/twitter.com\/StadtarchivKR<\/a><br><br><a href=\"https:\/\/www.krefeld.de\/de\/stadtarchiv\/stadtarchiv\/\">https:\/\/www.krefeld.de\/de\/stadtarchiv\/stadtarchiv\/<\/a><br>Hier die&nbsp;<a href=\"https:\/\/www.archive.nrw.de\">\u00dcbersicht \u00fcber die vorhandenen Best\u00e4nde<\/a><\/p>\n\n\n\n<h3 class=\"wp-block-heading\">Die Geschichte Krefelds in der Zeit des Nationalsozialismus<\/h3>\n\n\n\n<p>Die Villa Merl\u00e4nder wird durch die NS-Dokumentationsstelle der Stadt Krefeld f\u00fcr Forschung, Bildungsarbeit und Dokumentation genutzt. Das Haus selbst ist ein besonders Denkmal in der Stadt. Denn als der Krefelder Kaufmann&nbsp;<strong>Richard Merl\u00e4nder<\/strong>&nbsp;der angesehenen Firma&nbsp;&nbsp;<strong>Merl\u00e4nder, Strauss &amp; Co Samt und Seidenwaren<\/strong>&nbsp;im Jahr 1924 seine Villa auf der Friedrich-Ebert-Stra\u00dfe 42 in der damals noch pulsierenden Seidenstadt in Auftrag gab, ahnte er noch nicht, dass er sie in weniger als 20 Jahren unter dem Druck nationalsozialistischen Politik wieder verlieren w\u00fcrde.&nbsp;<\/p>\n\n\n\n<p>Vom erfolgreichen Kaufmann wurde Richard Merl\u00e4nder zum Opfer der NS-Diktatur. Mehr zur&nbsp;<strong>Villa Meerl\u00e4nder<\/strong>&nbsp;und der NS-Dokumentationsstelle, sowie dem&nbsp;<strong>Verein Villa Merl\u00e4nder e.V.<\/strong>&nbsp;ist hier zu finden:&nbsp;<a href=\"https:\/\/villamerlaender.de\/\">https:\/\/villamerlaender.de<\/a><\/p>\n\n\n\n<p>Beeindruckend sind die mehr als 150&nbsp;<a href=\"https:\/\/villamerlaender.de\/stolpersteine-fuer-krefeld\/\">Stolpersteine<\/a>&nbsp;die im Stadtgebiet Krefeld verlegt wurden. Dieses Projekt des Villa Merl\u00e4nder Vereins und des K\u00fcnstlers Gunter Demnig<br>richtet sich gegen das Vergessen.&nbsp;<a href=\"http:\/\/www.stolpersteine.eu\/\">Gunter Demnig<\/a>&nbsp;erinnert an die Opfer der NS-Zeit, indem er vor ihrem letzten selbstgew\u00e4hlten Wohnort Gedenktafeln aus Messing ins Trottoir einl\u00e4sst. Informationen und eine interaktive Karte der Stolpersteine im Stadtgebiet sind hier zu finden:&nbsp;<a href=\"https:\/\/villamerlaender.de\/stolpersteine-fuer-krefeld\/\">https:\/\/villamerlaender.de\/stolpersteine-fuer-krefeld\/<\/a><\/p>\n\n\n\n<p>Ein wesentlicher Beitrag zur Aufkl\u00e4rung der NS-Zeit ist das Buch&nbsp;<strong>&#8220;&#8230; doch nicht bei uns in Krefeld!&#8221;<\/strong>&nbsp;Arisierung &#8211; Enteignung &#8211; Wiedergutmachung in der Samt- und Seidenstadt 1933 bis 1963, von Claudia Fl\u00fcmann, erschienen im Klartext Verlag:<\/p>\n\n\n\n<p>Gebundene Ausgabe : 662 Seiten<br>ISBN-10 : 3837514552<br>ISBN-13 : 978-3837514551<br>1. Auflage (5. Oktober 2015)<\/p>\n\n\n\n<h2 class=\"wp-block-heading\">Landesarchiv NRW<\/h2>\n\n\n\n<p>Das&nbsp;<strong>Landesarchiv NRW<\/strong>&nbsp;ist das Ged\u00e4chtnis des Landes&nbsp;<strong>Nordrhein-Westfalen<\/strong>&nbsp;und seiner Vorg\u00e4ngerstaaten. Es sichert dabei Rechts- und Kulturg\u00fcter von hohem Wert und dient den Bed\u00fcrfnissen der Gesellschaft nach historischer Information, Transparenz des Verwaltungshandelns und auch der Rechtssicherheit.&nbsp;F\u00fcr uns ist das Landesarchiv eine Schatzkammer.&nbsp;<\/p>\n\n\n\n<p>Das Landesarchiv NRW unterh\u00e4lt drei Regionalabteilungen, f\u00fcr uns ist in Duisburg das Ged\u00e4chtnis des Rheinlands aufbewahrt. In s\u00e4mtlichen Best\u00e4nden aller Archive in Nrw kann hier gesucht und gefunden werden:&nbsp;<a href=\"https:\/\/www.archive.nrw.de\/cgi-bin\/search.cgi\">https:\/\/www.archive.nrw.de\/cgi-bin\/search.cgi<\/a>.<\/p>\n\n\n\n<p><a href=\"https:\/\/www.archive.nrw.de\/lav\/abteilungen\/rheinland\/profil_zustaendigkeit\/index.php\">Landesarchiv NRW, Abteilung Rheinland<\/a><\/p>\n","protected":false},"excerpt":{"rendered":"<p>Geschichte Uerdingens: Wir arbeiten eng und gerne mit lokal t\u00e4tigen und begeisterten Heimatforschern wie&nbsp;Horst Peterburs in Uerdingen mit seiner spannenden Website zusammen. Und nat\u00fcrlich gern auch mit dem Ged\u00e4chtnis der Stadt Uerdingen am Rhein, dem Uerdinger Heimatbund e.V. Geschichte Krefelds im Jahrbuch: Eine Institution in Krefeld und im ganzen Rheinland ist die Arbeit des&nbsp;VEREIN F\u00dcR &hellip; <\/p>\n<p class=\"link-more\"><a href=\"https:\/\/www.industriekultur-krefeld.org\/index.php\/weiterfuehrendes\/\" class=\"more-link\"><span class=\"screen-reader-text\">\u201eWeiterf\u00fchrendes\u201c <\/span>weiterlesen<\/a><\/p>\n","protected":false},"author":1,"featured_media":131,"parent":0,"menu_order":24,"comment_status":"closed","ping_status":"closed","template":"","meta":{"footnotes":""},"categories":[],"tags":[],"class_list":["post-2843","page","type-page","status-publish","has-post-thumbnail","hentry"],"_links":{"self":[{"href":"https:\/\/www.industriekultur-krefeld.org\/index.php\/wp-json\/wp\/v2\/pages\/2843","targetHints":{"allow":["GET"]}}],"collection":[{"href":"https:\/\/www.industriekultur-krefeld.org\/index.php\/wp-json\/wp\/v2\/pages"}],"about":[{"href":"https:\/\/www.industriekultur-krefeld.org\/index.php\/wp-json\/wp\/v2\/types\/page"}],"author":[{"embeddable":true,"href":"https:\/\/www.industriekultur-krefeld.org\/index.php\/wp-json\/wp\/v2\/users\/1"}],"replies":[{"embeddable":true,"href":"https:\/\/www.industriekultur-krefeld.org\/index.php\/wp-json\/wp\/v2\/comments?post=2843"}],"version-history":[{"count":3,"href":"https:\/\/www.industriekultur-krefeld.org\/index.php\/wp-json\/wp\/v2\/pages\/2843\/revisions"}],"predecessor-version":[{"id":3104,"href":"https:\/\/www.industriekultur-krefeld.org\/index.php\/wp-json\/wp\/v2\/pages\/2843\/revisions\/3104"}],"wp:featuredmedia":[{"embeddable":true,"href":"https:\/\/www.industriekultur-krefeld.org\/index.php\/wp-json\/wp\/v2\/media\/131"}],"wp:attachment":[{"href":"https:\/\/www.industriekultur-krefeld.org\/index.php\/wp-json\/wp\/v2\/media?parent=2843"}],"wp:term":[{"taxonomy":"category","embeddable":true,"href":"https:\/\/www.industriekultur-krefeld.org\/index.php\/wp-json\/wp\/v2\/categories?post=2843"},{"taxonomy":"post_tag","embeddable":true,"href":"https:\/\/www.industriekultur-krefeld.org\/index.php\/wp-json\/wp\/v2\/tags?post=2843"}],"curies":[{"name":"wp","href":"https:\/\/api.w.org\/{rel}","templated":true}]}}

Weiterführendes

<h3 class="wp-block-heading">Geschichte Uerdingens:</h3>



<p>Wir arbeiten eng und gerne mit lokal tätigen und begeisterten Heimatforschern wie&nbsp;<a href="https://www.horst-peterburs.de/">Horst Peterburs in Uerdingen</a> mit seiner spannenden Website zusammen.</p>



<p>Und natürlich gern auch mit dem Gedächtnis der <strong>Stadt Uerdingen am Rhein</strong>, <br>dem <a href="https://www.uerdinger-heimatbund.de">Uerdinger Heimatbund e.V.</a></p>



<h3 class="wp-block-heading">Geschichte Krefelds im Jahrbuch:</h3>



<p>Eine Institution in Krefeld und im ganzen Rheinland ist die Arbeit des&nbsp;<a href="https://heimat-krefeld.de/der-verein/">VEREIN FÜR HEIMATKUNDE IN KREFELD E.V.</a>&nbsp;und die Publikationen die in&nbsp;<strong><a href="https://heimat-krefeld.de/jahrbuecher/">Die Heimat – dem Krefelder Jahrbuch</a></strong>, herausgegeben seit 1921, zu finden sind. Hier kann auch im&nbsp;<a href="https://heimat-krefeld.de/app/uploads/2017/09/Die-Heimat-Register-01-89.pdf">Personen und Stichwortverzeichnis der Jahrbücher gesucht werden</a>.</p>



<h3 class="wp-block-heading">Stadtarchiv:</h3>



<p>Unerläßlich und eine stete Quelle tiefer Recherche ist das historische Gedächtnis der Stadt Krefeld, das Stadtarchiv. Dort werden Akten, Amtsbücher, Urkunden, Ratsprotokolle, Verträge, Karten und Pläne zur Einsichtnahme und Auswertung bereitgehalten. Ein Tipp, das Stadtarchiv twittert:&nbsp;<a href="https://twitter.com/StadtarchivKR">https://twitter.com/StadtarchivKR</a><br><br><a href="https://www.krefeld.de/de/stadtarchiv/stadtarchiv/">https://www.krefeld.de/de/stadtarchiv/stadtarchiv/</a><br>Hier die&nbsp;<a href="https://www.archive.nrw.de">Übersicht über die vorhandenen Bestände</a></p>



<h3 class="wp-block-heading">Die Geschichte Krefelds in der Zeit des Nationalsozialismus</h3>



<p>Die Villa Merländer wird durch die NS-Dokumentationsstelle der Stadt Krefeld für Forschung, Bildungsarbeit und Dokumentation genutzt. Das Haus selbst ist ein besonders Denkmal in der Stadt. Denn als der Krefelder Kaufmann&nbsp;<strong>Richard Merländer</strong>&nbsp;der angesehenen Firma&nbsp;&nbsp;<strong>Merländer, Strauss &amp; Co Samt und Seidenwaren</strong>&nbsp;im Jahr 1924 seine Villa auf der Friedrich-Ebert-Straße 42 in der damals noch pulsierenden Seidenstadt in Auftrag gab, ahnte er noch nicht, dass er sie in weniger als 20 Jahren unter dem Druck nationalsozialistischen Politik wieder verlieren würde.&nbsp;</p>



<p>Vom erfolgreichen Kaufmann wurde Richard Merländer zum Opfer der NS-Diktatur. Mehr zur&nbsp;<strong>Villa Meerländer</strong>&nbsp;und der NS-Dokumentationsstelle, sowie dem&nbsp;<strong>Verein Villa Merländer e.V.</strong>&nbsp;ist hier zu finden:&nbsp;<a href="https://villamerlaender.de/">https://villamerlaender.de</a></p>



<p>Beeindruckend sind die mehr als 150&nbsp;<a href="https://villamerlaender.de/stolpersteine-fuer-krefeld/">Stolpersteine</a>&nbsp;die im Stadtgebiet Krefeld verlegt wurden. Dieses Projekt des Villa Merländer Vereins und des Künstlers Gunter Demnig<br>richtet sich gegen das Vergessen.&nbsp;<a href="http://www.stolpersteine.eu/">Gunter Demnig</a>&nbsp;erinnert an die Opfer der NS-Zeit, indem er vor ihrem letzten selbstgewählten Wohnort Gedenktafeln aus Messing ins Trottoir einlässt. Informationen und eine interaktive Karte der Stolpersteine im Stadtgebiet sind hier zu finden:&nbsp;<a href="https://villamerlaender.de/stolpersteine-fuer-krefeld/">https://villamerlaender.de/stolpersteine-fuer-krefeld/</a></p>



<p>Ein wesentlicher Beitrag zur Aufklärung der NS-Zeit ist das Buch&nbsp;<strong>&#8220;&#8230; doch nicht bei uns in Krefeld!&#8221;</strong>&nbsp;Arisierung &#8211; Enteignung &#8211; Wiedergutmachung in der Samt- und Seidenstadt 1933 bis 1963, von Claudia Flümann, erschienen im Klartext Verlag:</p>



<p>Gebundene Ausgabe : 662 Seiten<br>ISBN-10 : 3837514552<br>ISBN-13 : 978-3837514551<br>1. Auflage (5. Oktober 2015)</p>



<h2 class="wp-block-heading">Landesarchiv NRW</h2>



<p>Das&nbsp;<strong>Landesarchiv NRW</strong>&nbsp;ist das Gedächtnis des Landes&nbsp;<strong>Nordrhein-Westfalen</strong>&nbsp;und seiner Vorgängerstaaten. Es sichert dabei Rechts- und Kulturgüter von hohem Wert und dient den Bedürfnissen der Gesellschaft nach historischer Information, Transparenz des Verwaltungshandelns und auch der Rechtssicherheit.&nbsp;Für uns ist das Landesarchiv eine Schatzkammer.&nbsp;</p>



<p>Das Landesarchiv NRW unterhält drei Regionalabteilungen, für uns ist in Duisburg das Gedächtnis des Rheinlands aufbewahrt. In sämtlichen Beständen aller Archive in Nrw kann hier gesucht und gefunden werden:&nbsp;<a href="https://www.archive.nrw.de/cgi-bin/search.cgi">https://www.archive.nrw.de/cgi-bin/search.cgi</a>.</p>



<p><a href="https://www.archive.nrw.de/lav/abteilungen/rheinland/profil_zustaendigkeit/index.php">Landesarchiv NRW, Abteilung Rheinland</a></p>

<p>Geschichte Uerdingens: Wir arbeiten eng und gerne mit lokal tätigen und begeisterten Heimatforschern wie&nbsp;Horst Peterburs in Uerdingen mit seiner spannenden Website zusammen. Und natürlich gern auch mit dem Gedächtnis der Stadt Uerdingen am Rhein, dem Uerdinger Heimatbund e.V. Geschichte Krefelds im Jahrbuch: Eine Institution in Krefeld und im ganzen Rheinland ist die Arbeit des&nbsp;VEREIN FÜR &hellip; </p>
<p class="link-more"><a href="https://www.industriekultur-krefeld.org/index.php/weiterfuehrendes/" class="more-link"><span class="screen-reader-text">„Weiterführendes“ </span>weiterlesen</a></p>
