{"id":585,"date":"2021-01-07T15:18:42","date_gmt":"2021-01-07T14:18:42","guid":{"rendered":"https:\/\/www.industriekultur-krefeld.org\/?page_id=585"},"modified":"2026-01-28T09:22:58","modified_gmt":"2026-01-28T08:22:58","slug":"fabrik-heeder","status":"publish","type":"page","link":"https:\/\/www.industriekultur-krefeld.org\/index.php\/fabrik-heeder\/","title":{"rendered":"Tapeten- und Wachstuchfabrik Heeder &#038; Co."},"content":{"rendered":"\n<p>Vielen Krefeldern und auch \u00fcberregional ist die &#8220;Fabrik Heeder&#8221; bekannt. Denn seit 1989 wird das Gem\u00e4uer als st\u00e4dtisches Kulturzentrum genutzt. Das gute Beispiel der Umnutzung  lie\u00df allerdings die Geschichte des Geb\u00e4udes, seiner Umgebung, verblassen. <\/p>\n\n\n\n<p>Im fr\u00fchen 20. Jahrhundert waren gleich zwei gro\u00dfe Tapetenhersteller in Krefeld t\u00e4tig. Die erhaltene Fabrik Heeder wurde 1860 Franz-August Heeder und Wilhelm Niemann als Tapeten- und Wachstuchfabrik gegr\u00fcndet. <\/p>\n\n\n\n<p>Sehenswert ist der markante Bau, dem S\u00fcdausgang des Hauptbahnhofs gegen\u00fcber.<\/p>\n\n\n\n<!--more-->\n\n\n<div class=\"leaflet-map WPLeafletMap\" style=\"height:400px; width:100%;\"><\/div><script>\nwindow.WPLeafletMapPlugin = window.WPLeafletMapPlugin || [];\nwindow.WPLeafletMapPlugin.push(function WPLeafletMapShortcode() {\/*<script>*\/\nvar baseUrl = atob('aHR0cHM6Ly97c30udGlsZS5vcGVuc3RyZWV0bWFwLm9yZy97en0ve3h9L3t5fS5wbmc=');\nvar base = (!baseUrl && window.MQ) ?\n    window.MQ.mapLayer() : L.tileLayer(baseUrl,\n        L.Util.extend({}, {\n            detectRetina: 1,\n        },\n        {\"subdomains\":\"abc\",\"noWrap\":false,\"maxZoom\":20}        )\n    );\n    var options = L.Util.extend({}, {\n        layers: [base],\n        attributionControl: false\n    },\n    {\"tap\":false,\"zoomControl\":true,\"scrollWheelZoom\":false,\"doubleClickZoom\":true,\"fitBounds\":false,\"minZoom\":1,\"maxZoom\":20,\"maxBounds\":null,\"attribution\":\"<a href=\\\"http:\\\/\\\/leafletjs.com\\\" title=\\\"Eine Javascript-Bibliothek f\\u00fcr interaktive Karten\\\">Leaflet<\\\/a>; \\u00a9 <a href=\\\"http:\\\/\\\/www.openstreetmap.org\\\/copyright\\\">OpenStreetMap<\\\/a> Mitwirkende\"},\n    {});\nwindow.WPLeafletMapPlugin.createMap(options).setView([51.3331205,6.5623343],12);window.WPLeafletMapPlugin.createScale({});});<\/script>\n<script>\nwindow.WPLeafletMapPlugin = window.WPLeafletMapPlugin || [];\nwindow.WPLeafletMapPlugin.push(function WPLeafletMarkerShortcode() {\/*<script>*\/\nvar map = window.WPLeafletMapPlugin.getCurrentMap();\nvar group = window.WPLeafletMapPlugin.getCurrentGroup();\nvar marker_options = window.WPLeafletMapPlugin.getIconOptions({\"title\":\"Fabrik Heeder\",\"alt\":\"v\",\"zIndexOffset\":1000,\"iconUrl\":\"https:\\\/\\\/www.industriekultur-krefeld.org\\\/wp-content\\\/uploads\\\/icon-selected.png\",\"shadowUrl\":\"https:\\\/\\\/unpkg.com\\\/leaflet@1.7.1\\\/dist\\\/images\\\/marker-shadow.png\",\"iconAnchor\":\"20,20\"});\nvar marker = L.marker(\n    [51.323081,6.572115],\n    marker_options\n);\nvar is_image = map.is_image_map;\nif (marker_options.draggable) {\n    marker.on('dragend', function () {\n        var latlng = this.getLatLng();\n        var lat = latlng.lat;\n        var lng = latlng.lng;\n        if (is_image) {\n            console.log('leaflet-marker y=' + lat + ' x=' + lng);\n        } else {\n            console.log('leaflet-marker lat=' + lat + ' lng=' + lng);\n        }\n    });\n}\nmarker.addTo( group );\nmarker.bindPopup(window.WPLeafletMapPlugin.unescape('&lt;a href=\\&quot;https:\/\/www.industriekultur-krefeld.org\/index.php\/fabrik-heeder\/\\&quot;&gt;Fabrik Heeder&lt;\/a&gt;')).openPopup();window.WPLeafletMapPlugin.markers.push( marker );\n        });<\/script>\n\n\n\n<h2 class=\"wp-block-heading has-vivid-red-color has-text-color\">Geschichte und Hintergrund<\/h2>\n\n\n\n<figure class=\"wp-block-image size-large\"><img loading=\"lazy\" decoding=\"async\" width=\"1024\" height=\"731\" src=\"https:\/\/www.industriekultur-krefeld.org\/wp-content\/uploads\/image-142-1024x731.png\" alt=\"\" class=\"wp-image-4224\" srcset=\"https:\/\/www.industriekultur-krefeld.org\/wp-content\/uploads\/image-142-1024x731.png 1024w, https:\/\/www.industriekultur-krefeld.org\/wp-content\/uploads\/image-142-300x214.png 300w, https:\/\/www.industriekultur-krefeld.org\/wp-content\/uploads\/image-142-768x548.png 768w, https:\/\/www.industriekultur-krefeld.org\/wp-content\/uploads\/image-142-1536x1097.png 1536w, https:\/\/www.industriekultur-krefeld.org\/wp-content\/uploads\/image-142.png 1800w\" sizes=\"auto, (max-width: 767px) 89vw, (max-width: 1000px) 54vw, (max-width: 1071px) 543px, 580px\" \/><figcaption class=\"wp-element-caption\">Anzeige aus St\u00e4dtebauatlas Crefeld 1922<\/figcaption><\/figure>\n\n\n\n<p>Das wachsende Unternehmen errichtete 1906 am angestammten Platz das pr\u00e4gnante Fabrikgeb\u00e4ude, das bis heute die Erinnerung an die Tapetenfabrik wachh\u00e4lt. 1882 trat David Devries als Mitgesellschafter in das Unternehmen ein und \u00fcbernahm es sp\u00e4ter.<\/p>\n\n\n\n<h2 class=\"wp-block-heading has-vivid-red-color has-text-color\">Architektur<\/h2>\n\n\n\n<div class=\"wp-block-columns is-layout-flex wp-container-core-columns-is-layout-9d6595d7 wp-block-columns-is-layout-flex\">\n<div class=\"wp-block-column is-layout-flow wp-block-column-is-layout-flow\">\n<p>Als Architekten f\u00fcr den Neubau der Fabrik wirkte das Architekturb\u00fcro <a href=\"https:\/\/www.industriekultur-krefeld.org\/?s=Girmes+Oediger\" data-type=\"page\">Girmes &amp; Oediger<\/a> und gestalteten die dreigeschossige Fassade repr\u00e4sentativ aber auch geschmackvoll. <\/p>\n<\/div>\n\n\n\n<div class=\"wp-block-column is-layout-flow wp-block-column-is-layout-flow\">\n<p>Die Gliederung erinnert an die Fabrikschl\u00f6sser des 19. Jahrhunderts, der Verzicht auf eine Symmetrie macht die Fassade jedoch spannungsvoll, es ist f\u00fcr die Zeit eine hochmoderne Gestaltung, umgesetzt als Stahlbetonbau.<\/p>\n<\/div>\n<\/div>\n\n\n\n<figure class=\"wp-block-image size-large\"><a href=\"https:\/\/www.industriekultur-krefeld.org\/wp-content\/uploads\/heeder_2020_1.jpg\"><img loading=\"lazy\" decoding=\"async\" width=\"1024\" height=\"616\" src=\"https:\/\/www.industriekultur-krefeld.org\/wp-content\/uploads\/heeder_2020_1-1024x616.jpg\" alt=\"\" class=\"wp-image-586\" srcset=\"https:\/\/www.industriekultur-krefeld.org\/wp-content\/uploads\/heeder_2020_1-1024x616.jpg 1024w, https:\/\/www.industriekultur-krefeld.org\/wp-content\/uploads\/heeder_2020_1-300x181.jpg 300w, https:\/\/www.industriekultur-krefeld.org\/wp-content\/uploads\/heeder_2020_1-768x462.jpg 768w, https:\/\/www.industriekultur-krefeld.org\/wp-content\/uploads\/heeder_2020_1.jpg 1200w\" sizes=\"auto, (max-width: 767px) 89vw, (max-width: 1000px) 54vw, (max-width: 1071px) 543px, 580px\" \/><\/a><\/figure>\n\n\n\n<p>Das Fabrikgeb\u00e4ude Heeder &amp; Co erwarb die Wellpappen- und Kartonagenfabrik Fritz Peters &amp; Co. im Wege der Arisierung. Sie produzierte an diesem Standort bis Mitte der 1970er-Jahre. Siehe <a href=\"https:\/\/www.industriekultur-krefeld.org\/index.php\/arisierung-in-krefeld\/#heeder\" data-type=\"page\">Arisierung \/ Heeder &amp; Co<\/a><\/p>\n\n\n\n<h2 class=\"wp-block-heading has-vivid-red-color has-text-color\">Neue Nutzung<\/h2>\n\n\n\n<p>Das pr\u00e4gnante Bauwerk wurde in den 1980er-Jahren von der Stadt Krefeld zum Kulturzentrum umgebaut und ist seit 1988 als <a href=\"https:\/\/web.archive.org\/web\/20251219161638\/https:\/\/www.krefeld.de\/de\/kulturbuero\/fabrik-heeder\/\">Fabrik Heeder<\/a> fester Bestandteil der regionalen Kunst- und Kulturszene.<\/p>\n\n\n\n<p>In der Fabrik ist das st\u00e4dtisches Kinder- und Jugendtheater <a href=\"https:\/\/www.kresch.de\" title=\"\">KRESCH-Theater<\/a> zuhause:<\/p>\n\n\n\n<figure class=\"wp-block-image size-large\"><img loading=\"lazy\" decoding=\"async\" width=\"1024\" height=\"768\" src=\"https:\/\/www.industriekultur-krefeld.org\/wp-content\/uploads\/IMG_1506-1024x768.jpeg\" alt=\"\" class=\"wp-image-6700\" srcset=\"https:\/\/www.industriekultur-krefeld.org\/wp-content\/uploads\/IMG_1506-1024x768.jpeg 1024w, https:\/\/www.industriekultur-krefeld.org\/wp-content\/uploads\/IMG_1506-300x225.jpeg 300w, https:\/\/www.industriekultur-krefeld.org\/wp-content\/uploads\/IMG_1506-768x576.jpeg 768w, https:\/\/www.industriekultur-krefeld.org\/wp-content\/uploads\/IMG_1506-1536x1152.jpeg 1536w, https:\/\/www.industriekultur-krefeld.org\/wp-content\/uploads\/IMG_1506-scaled.jpeg 1800w\" sizes=\"auto, (max-width: 767px) 89vw, (max-width: 1000px) 54vw, (max-width: 1071px) 543px, 580px\" \/><\/figure>\n\n\n\n<h2 class=\"wp-block-heading has-vivid-red-color has-text-color\">Mehr lesen:<br><\/h2>\n\n\n\n<div class=\"wp-block-media-text alignwide is-stacked-on-mobile is-image-fill\"><figure class=\"wp-block-media-text__media\" style=\"background-image:url(https:\/\/www.industriekultur-krefeld.org\/wp-content\/uploads\/Button-RI-on-2.png);background-position:50% 50%\"><a href=\"http:\/\/www.rheinische-industriekultur.com\"><img loading=\"lazy\" decoding=\"async\" width=\"340\" height=\"275\" src=\"https:\/\/www.industriekultur-krefeld.org\/wp-content\/uploads\/Button-RI-on-2.png\" alt=\"\" class=\"wp-image-291 size-full\" srcset=\"https:\/\/www.industriekultur-krefeld.org\/wp-content\/uploads\/Button-RI-on-2.png 340w, https:\/\/www.industriekultur-krefeld.org\/wp-content\/uploads\/Button-RI-on-2-300x243.png 300w\" sizes=\"auto, (max-width: 340px) 100vw, 340px\" \/><\/a><\/figure><div class=\"wp-block-media-text__content\">\n<p class=\"has-normal-font-size\"><strong><a href=\"https:\/\/www.rheinische-industriekultur.com\/seiten\/objekte\/orte\/krefeld\/objekte\/fabrik_heeder.html\">Heeder &amp; Co<\/a><\/strong> <br>von Stephan Strau\u00df<\/p>\n\n\n\n<p class=\"has-normal-font-size\"><a href=\"https:\/\/www.rheinische-industriekultur.com\/seiten\/objekte\/orte\/krefeld\/objekte\/Krahnen_Gobbers.html\">Krahnen &amp; Kobers<\/a> <br>von Stephan Strau\u00df<\/p>\n\n\n\n<p><a href=\"https:\/\/www.rheinische-industriekultur.com\/seiten\/objekte\/orte\/krefeld\/objekte\/mottau_leendertz.html\">Samtweberei Mottau &amp; Leendertz<\/a><br>von Heike Oevermann <\/p>\n\n\n\n<p><a href=\"https:\/\/www.industriekultur-krefeld.org\/index.php\/verseidag\/\" data-type=\"page\" data-id=\"153\">Verseidag<\/a><br>von Stefanie van de Kerkhof<\/p>\n<\/div><\/div>\n\n\n\n<p><\/p>\n","protected":false},"excerpt":{"rendered":"<p>Vielen Krefeldern und auch \u00fcberregional ist die &#8220;Fabrik Heeder&#8221; bekannt. Denn seit 1989 wird das Gem\u00e4uer als st\u00e4dtisches Kulturzentrum genutzt. Das gute Beispiel der Umnutzung lie\u00df allerdings die Geschichte des Geb\u00e4udes, seiner Umgebung, verblassen. Im fr\u00fchen 20. Jahrhundert waren gleich zwei gro\u00dfe Tapetenhersteller in Krefeld t\u00e4tig. Die erhaltene Fabrik Heeder wurde 1860 Franz-August Heeder und &hellip; <\/p>\n<p class=\"link-more\"><a href=\"https:\/\/www.industriekultur-krefeld.org\/index.php\/fabrik-heeder\/\" class=\"more-link\"><span class=\"screen-reader-text\">\u201eTapeten- und Wachstuchfabrik Heeder &#038; Co.\u201c <\/span>weiterlesen<\/a><\/p>\n","protected":false},"author":1,"featured_media":587,"parent":0,"menu_order":40,"comment_status":"open","ping_status":"closed","template":"","meta":{"footnotes":""},"categories":[7,23],"tags":[44,40],"class_list":["post-585","page","type-page","status-publish","has-post-thumbnail","hentry","category-krefeld-suedlich-der-bahnlinien","category-top-10","tag-textil","tag-gelungene-umnutzung"],"_links":{"self":[{"href":"https:\/\/www.industriekultur-krefeld.org\/index.php\/wp-json\/wp\/v2\/pages\/585","targetHints":{"allow":["GET"]}}],"collection":[{"href":"https:\/\/www.industriekultur-krefeld.org\/index.php\/wp-json\/wp\/v2\/pages"}],"about":[{"href":"https:\/\/www.industriekultur-krefeld.org\/index.php\/wp-json\/wp\/v2\/types\/page"}],"author":[{"embeddable":true,"href":"https:\/\/www.industriekultur-krefeld.org\/index.php\/wp-json\/wp\/v2\/users\/1"}],"replies":[{"embeddable":true,"href":"https:\/\/www.industriekultur-krefeld.org\/index.php\/wp-json\/wp\/v2\/comments?post=585"}],"version-history":[{"count":27,"href":"https:\/\/www.industriekultur-krefeld.org\/index.php\/wp-json\/wp\/v2\/pages\/585\/revisions"}],"predecessor-version":[{"id":7017,"href":"https:\/\/www.industriekultur-krefeld.org\/index.php\/wp-json\/wp\/v2\/pages\/585\/revisions\/7017"}],"wp:featuredmedia":[{"embeddable":true,"href":"https:\/\/www.industriekultur-krefeld.org\/index.php\/wp-json\/wp\/v2\/media\/587"}],"wp:attachment":[{"href":"https:\/\/www.industriekultur-krefeld.org\/index.php\/wp-json\/wp\/v2\/media?parent=585"}],"wp:term":[{"taxonomy":"category","embeddable":true,"href":"https:\/\/www.industriekultur-krefeld.org\/index.php\/wp-json\/wp\/v2\/categories?post=585"},{"taxonomy":"post_tag","embeddable":true,"href":"https:\/\/www.industriekultur-krefeld.org\/index.php\/wp-json\/wp\/v2\/tags?post=585"}],"curies":[{"name":"wp","href":"https:\/\/api.w.org\/{rel}","templated":true}]}}

<p>Vielen Krefeldern und auch überregional ist die &#8220;Fabrik Heeder&#8221; bekannt. Denn seit 1989 wird das Gemäuer als städtisches Kulturzentrum genutzt. Das gute Beispiel der Umnutzung  ließ allerdings die Geschichte des Gebäudes, seiner Umgebung, verblassen. </p>



<p>Im frühen 20. Jahrhundert waren gleich zwei große Tapetenhersteller in Krefeld tätig. Die erhaltene Fabrik Heeder wurde 1860 Franz-August Heeder und Wilhelm Niemann als Tapeten- und Wachstuchfabrik gegründet. </p>



<p>Sehenswert ist der markante Bau, dem Südausgang des Hauptbahnhofs gegenüber.</p>



<!--more-->


<div class="leaflet-map WPLeafletMap" style="height:400px; width:100%;"></div><script>
window.WPLeafletMapPlugin = window.WPLeafletMapPlugin || [];
window.WPLeafletMapPlugin.push(function WPLeafletMapShortcode() {/*<script>*/
var baseUrl = atob('aHR0cHM6Ly97c30udGlsZS5vcGVuc3RyZWV0bWFwLm9yZy97en0ve3h9L3t5fS5wbmc=');
var base = (!baseUrl && window.MQ) ?
    window.MQ.mapLayer() : L.tileLayer(baseUrl,
        L.Util.extend({}, {
            detectRetina: 1,
        },
        {"subdomains":"abc","noWrap":false,"maxZoom":20}        )
    );
    var options = L.Util.extend({}, {
        layers: [base],
        attributionControl: false
    },
    {"tap":false,"zoomControl":true,"scrollWheelZoom":false,"doubleClickZoom":true,"fitBounds":false,"minZoom":1,"maxZoom":20,"maxBounds":null,"attribution":"<a href=\"http:\/\/leafletjs.com\" title=\"Eine Javascript-Bibliothek f\u00fcr interaktive Karten\">Leaflet<\/a>; \u00a9 <a href=\"http:\/\/www.openstreetmap.org\/copyright\">OpenStreetMap<\/a> Mitwirkende"},
    {});
window.WPLeafletMapPlugin.createMap(options).setView([51.3331205,6.5623343],12);window.WPLeafletMapPlugin.createScale({});});</script>
<script>
window.WPLeafletMapPlugin = window.WPLeafletMapPlugin || [];
window.WPLeafletMapPlugin.push(function WPLeafletMarkerShortcode() {/*<script>*/
var map = window.WPLeafletMapPlugin.getCurrentMap();
var group = window.WPLeafletMapPlugin.getCurrentGroup();
var marker_options = window.WPLeafletMapPlugin.getIconOptions({"title":"Fabrik Heeder","alt":"v","zIndexOffset":1000,"iconUrl":"https:\/\/www.industriekultur-krefeld.org\/wp-content\/uploads\/icon-selected.png","shadowUrl":"https:\/\/unpkg.com\/leaflet@1.7.1\/dist\/images\/marker-shadow.png","iconAnchor":"20,20"});
var marker = L.marker(
    [51.323081,6.572115],
    marker_options
);
var is_image = map.is_image_map;
if (marker_options.draggable) {
    marker.on('dragend', function () {
        var latlng = this.getLatLng();
        var lat = latlng.lat;
        var lng = latlng.lng;
        if (is_image) {
            console.log('leaflet-marker y=' + lat + ' x=' + lng);
        } else {
            console.log('leaflet-marker lat=' + lat + ' lng=' + lng);
        }
    });
}
marker.addTo( group );
marker.bindPopup(window.WPLeafletMapPlugin.unescape('&lt;a href=\&quot;https://www.industriekultur-krefeld.org/index.php/fabrik-heeder/\&quot;&gt;Fabrik Heeder&lt;/a&gt;')).openPopup();window.WPLeafletMapPlugin.markers.push( marker );
        });</script>



<h2 class="wp-block-heading has-vivid-red-color has-text-color">Geschichte und Hintergrund</h2>



<figure class="wp-block-image size-large"><img loading="lazy" decoding="async" width="1024" height="731" src="https://www.industriekultur-krefeld.org/wp-content/uploads/image-142-1024x731.png" alt="" class="wp-image-4224" srcset="https://www.industriekultur-krefeld.org/wp-content/uploads/image-142-1024x731.png 1024w, https://www.industriekultur-krefeld.org/wp-content/uploads/image-142-300x214.png 300w, https://www.industriekultur-krefeld.org/wp-content/uploads/image-142-768x548.png 768w, https://www.industriekultur-krefeld.org/wp-content/uploads/image-142-1536x1097.png 1536w, https://www.industriekultur-krefeld.org/wp-content/uploads/image-142.png 1800w" sizes="auto, (max-width: 767px) 89vw, (max-width: 1000px) 54vw, (max-width: 1071px) 543px, 580px" /><figcaption class="wp-element-caption">Anzeige aus Städtebauatlas Crefeld 1922</figcaption></figure>



<p>Das wachsende Unternehmen errichtete 1906 am angestammten Platz das prägnante Fabrikgebäude, das bis heute die Erinnerung an die Tapetenfabrik wachhält. 1882 trat David Devries als Mitgesellschafter in das Unternehmen ein und übernahm es später.</p>



<h2 class="wp-block-heading has-vivid-red-color has-text-color">Architektur</h2>



<div class="wp-block-columns is-layout-flex wp-container-core-columns-is-layout-9d6595d7 wp-block-columns-is-layout-flex">
<div class="wp-block-column is-layout-flow wp-block-column-is-layout-flow">
<p>Als Architekten für den Neubau der Fabrik wirkte das Architekturbüro <a href="https://www.industriekultur-krefeld.org/?s=Girmes+Oediger" data-type="page">Girmes &amp; Oediger</a> und gestalteten die dreigeschossige Fassade repräsentativ aber auch geschmackvoll. </p>
</div>



<div class="wp-block-column is-layout-flow wp-block-column-is-layout-flow">
<p>Die Gliederung erinnert an die Fabrikschlösser des 19. Jahrhunderts, der Verzicht auf eine Symmetrie macht die Fassade jedoch spannungsvoll, es ist für die Zeit eine hochmoderne Gestaltung, umgesetzt als Stahlbetonbau.</p>
</div>
</div>



<figure class="wp-block-image size-large"><a href="https://www.industriekultur-krefeld.org/wp-content/uploads/heeder_2020_1.jpg"><img loading="lazy" decoding="async" width="1024" height="616" src="https://www.industriekultur-krefeld.org/wp-content/uploads/heeder_2020_1-1024x616.jpg" alt="" class="wp-image-586" srcset="https://www.industriekultur-krefeld.org/wp-content/uploads/heeder_2020_1-1024x616.jpg 1024w, https://www.industriekultur-krefeld.org/wp-content/uploads/heeder_2020_1-300x181.jpg 300w, https://www.industriekultur-krefeld.org/wp-content/uploads/heeder_2020_1-768x462.jpg 768w, https://www.industriekultur-krefeld.org/wp-content/uploads/heeder_2020_1.jpg 1200w" sizes="auto, (max-width: 767px) 89vw, (max-width: 1000px) 54vw, (max-width: 1071px) 543px, 580px" /></a></figure>



<p>Das Fabrikgebäude Heeder &amp; Co erwarb die Wellpappen- und Kartonagenfabrik Fritz Peters &amp; Co. im Wege der Arisierung. Sie produzierte an diesem Standort bis Mitte der 1970er-Jahre. Siehe <a href="https://www.industriekultur-krefeld.org/index.php/arisierung-in-krefeld/#heeder" data-type="page">Arisierung / Heeder &amp; Co</a></p>



<h2 class="wp-block-heading has-vivid-red-color has-text-color">Neue Nutzung</h2>



<p>Das prägnante Bauwerk wurde in den 1980er-Jahren von der Stadt Krefeld zum Kulturzentrum umgebaut und ist seit 1988 als <a href="https://web.archive.org/web/20251219161638/https://www.krefeld.de/de/kulturbuero/fabrik-heeder/">Fabrik Heeder</a> fester Bestandteil der regionalen Kunst- und Kulturszene.</p>



<p>In der Fabrik ist das städtisches Kinder- und Jugendtheater <a href="https://www.kresch.de" title="">KRESCH-Theater</a> zuhause:</p>



<figure class="wp-block-image size-large"><img loading="lazy" decoding="async" width="1024" height="768" src="https://www.industriekultur-krefeld.org/wp-content/uploads/IMG_1506-1024x768.jpeg" alt="" class="wp-image-6700" srcset="https://www.industriekultur-krefeld.org/wp-content/uploads/IMG_1506-1024x768.jpeg 1024w, https://www.industriekultur-krefeld.org/wp-content/uploads/IMG_1506-300x225.jpeg 300w, https://www.industriekultur-krefeld.org/wp-content/uploads/IMG_1506-768x576.jpeg 768w, https://www.industriekultur-krefeld.org/wp-content/uploads/IMG_1506-1536x1152.jpeg 1536w, https://www.industriekultur-krefeld.org/wp-content/uploads/IMG_1506-scaled.jpeg 1800w" sizes="auto, (max-width: 767px) 89vw, (max-width: 1000px) 54vw, (max-width: 1071px) 543px, 580px" /></figure>



<h2 class="wp-block-heading has-vivid-red-color has-text-color">Mehr lesen:<br></h2>



<div class="wp-block-media-text alignwide is-stacked-on-mobile is-image-fill"><figure class="wp-block-media-text__media" style="background-image:url(https://www.industriekultur-krefeld.org/wp-content/uploads/Button-RI-on-2.png);background-position:50% 50%"><a href="http://www.rheinische-industriekultur.com"><img loading="lazy" decoding="async" width="340" height="275" src="https://www.industriekultur-krefeld.org/wp-content/uploads/Button-RI-on-2.png" alt="" class="wp-image-291 size-full" srcset="https://www.industriekultur-krefeld.org/wp-content/uploads/Button-RI-on-2.png 340w, https://www.industriekultur-krefeld.org/wp-content/uploads/Button-RI-on-2-300x243.png 300w" sizes="auto, (max-width: 340px) 100vw, 340px" /></a></figure><div class="wp-block-media-text__content">
<p class="has-normal-font-size"><strong><a href="https://www.rheinische-industriekultur.com/seiten/objekte/orte/krefeld/objekte/fabrik_heeder.html">Heeder &amp; Co</a></strong> <br>von Stephan Strauß</p>



<p class="has-normal-font-size"><a href="https://www.rheinische-industriekultur.com/seiten/objekte/orte/krefeld/objekte/Krahnen_Gobbers.html">Krahnen &amp; Kobers</a> <br>von Stephan Strauß</p>



<p><a href="https://www.rheinische-industriekultur.com/seiten/objekte/orte/krefeld/objekte/mottau_leendertz.html">Samtweberei Mottau &amp; Leendertz</a><br>von Heike Oevermann </p>



<p><a href="https://www.industriekultur-krefeld.org/index.php/verseidag/" data-type="page" data-id="153">Verseidag</a><br>von Stefanie van de Kerkhof</p>
</div></div>



<p></p>

<p>Vielen Krefeldern und auch überregional ist die &#8220;Fabrik Heeder&#8221; bekannt. Denn seit 1989 wird das Gemäuer als städtisches Kulturzentrum genutzt. Das gute Beispiel der Umnutzung ließ allerdings die Geschichte des Gebäudes, seiner Umgebung, verblassen. Im frühen 20. Jahrhundert waren gleich zwei große Tapetenhersteller in Krefeld tätig. Die erhaltene Fabrik Heeder wurde 1860 Franz-August Heeder und &hellip; </p>
<p class="link-more"><a href="https://www.industriekultur-krefeld.org/index.php/fabrik-heeder/" class="more-link"><span class="screen-reader-text">„Tapeten- und Wachstuchfabrik Heeder &#038; Co.“ </span>weiterlesen</a></p>
