{"id":808,"date":"2021-01-09T15:50:23","date_gmt":"2021-01-09T14:50:23","guid":{"rendered":"https:\/\/www.industriekultur-krefeld.org\/?page_id=808"},"modified":"2021-11-11T18:10:07","modified_gmt":"2021-11-11T17:10:07","slug":"siedlung-ulmenstrasse","status":"publish","type":"page","link":"https:\/\/www.industriekultur-krefeld.org\/index.php\/siedlung-ulmenstrasse\/","title":{"rendered":"Siedlung Ulmenstra\u00dfe"},"content":{"rendered":"\n<p>1896 wird in Krefeld das damals schon aufsehen erregende schlossartige Geb\u00e4ude einer Baumwollspinnerei als viergeschossiger, turmumstandener Bau errichtet, in der eine 2400-PS-Dampfmaschine fast 80.000 Spindeln antreibt. Die gr\u00f6\u00dften Probleme der Anfangsjahre der Crefelder Baumwollspinnerei AG war aber nicht ihre technische Ausr\u00fcstung, sondern die fehlenden Arbeiter. Die Arbeitskr\u00e4fte kamen zu einem gro\u00dfen Teil aus B\u00f6hmen. Auf dem firmeneigenen Grundst\u00fcck an der Ulmenstra\u00dfe wurde daher 1900 eine Reihe Arbeiterh\u00e4user errichtet.&nbsp;<\/p>\n\n\n\n<p>Sehenswert ist die Arbeitersiedlung Ulmenstra\u00dfe. Die Spinnerei ist nicht erhalten.<\/p>\n\n\n\n<!--more-->\n\n\n<div class=\"leaflet-map WPLeafletMap\" style=\"height:400px; width:100%;\"><\/div><script>\nwindow.WPLeafletMapPlugin = window.WPLeafletMapPlugin || [];\nwindow.WPLeafletMapPlugin.push(function WPLeafletMapShortcode() {\/*<script>*\/\nvar baseUrl = atob('aHR0cHM6Ly97c30udGlsZS5vcGVuc3RyZWV0bWFwLm9yZy97en0ve3h9L3t5fS5wbmc=');\nvar base = (!baseUrl && window.MQ) ?\n    window.MQ.mapLayer() : L.tileLayer(baseUrl,\n        L.Util.extend({}, {\n            detectRetina: 1,\n        },\n        {\"subdomains\":\"abc\",\"noWrap\":false,\"maxZoom\":20}        )\n    );\n    var options = L.Util.extend({}, {\n        layers: [base],\n        attributionControl: false\n    },\n    {\"tap\":false,\"zoomControl\":true,\"scrollWheelZoom\":false,\"doubleClickZoom\":true,\"fitBounds\":false,\"minZoom\":1,\"maxZoom\":20,\"maxBounds\":null,\"attribution\":\"<a href=\\\"http:\\\/\\\/leafletjs.com\\\" title=\\\"Eine Javascript-Bibliothek f\\u00fcr interaktive Karten\\\">Leaflet<\\\/a>; \\u00a9 <a href=\\\"http:\\\/\\\/www.openstreetmap.org\\\/copyright\\\">OpenStreetMap<\\\/a> Mitwirkende\"},\n    {});\nwindow.WPLeafletMapPlugin.createMap(options).setView([51.3331205,6.5623343],12);window.WPLeafletMapPlugin.createScale({});});<\/script>\n<script>\nwindow.WPLeafletMapPlugin = window.WPLeafletMapPlugin || [];\nwindow.WPLeafletMapPlugin.push(function WPLeafletMarkerShortcode() {\/*<script>*\/\nvar map = window.WPLeafletMapPlugin.getCurrentMap();\nvar group = window.WPLeafletMapPlugin.getCurrentGroup();\nvar marker_options = window.WPLeafletMapPlugin.getIconOptions({\"title\":\"Siedlung Ulmenstra\\u00dfe\",\"alt\":\"Siedlung Ulmenstra&szlig;e\",\"zIndexOffset\":1000,\"iconUrl\":\"https:\\\/\\\/www.industriekultur-krefeld.org\\\/wp-content\\\/uploads\\\/icon-selected.png\",\"shadowUrl\":\"https:\\\/\\\/unpkg.com\\\/leaflet@1.7.1\\\/dist\\\/images\\\/marker-shadow.png\",\"iconAnchor\":\"20,20\"});\nvar marker = L.marker(\n    [51.313737,6.560878],\n    marker_options\n);\nvar is_image = map.is_image_map;\nif (marker_options.draggable) {\n    marker.on('dragend', function () {\n        var latlng = this.getLatLng();\n        var lat = latlng.lat;\n        var lng = latlng.lng;\n        if (is_image) {\n            console.log('leaflet-marker y=' + lat + ' x=' + lng);\n        } else {\n            console.log('leaflet-marker lat=' + lat + ' lng=' + lng);\n        }\n    });\n}\nmarker.addTo( group );\nmarker.bindPopup(window.WPLeafletMapPlugin.unescape('&lt;a href=\\&quot;https:\/\/www.industriekultur-krefeld.org\/index.php\/siedlung-ulmenstrasse\\&quot;&gt;Siedlung Ulmenstra\u00dfe&lt;\/a&gt;')).openPopup();window.WPLeafletMapPlugin.markers.push( marker );\n        });<\/script>\n<script>\nwindow.WPLeafletMapPlugin = window.WPLeafletMapPlugin || [];\nwindow.WPLeafletMapPlugin.push(function WPLeafletjsonShortcode() {\/*<script>*\/\nvar src = 'https:\/\/www.industriekultur-krefeld.org\/geojson.php';\nvar default_style = {};\nvar rewrite_keys = {\n    stroke : 'color',\n    'stroke-width' : 'weight',\n    'stroke-opacity' : 'opacity',\n    fill : 'fillColor',\n    'fill-opacity' : 'fillOpacity',\n};\n\/\/ htmlspecialchars converts & to \"&amp;\"; maybe unnecessarily, and maybe 3x\nvar ampersandRegex = \/&(?:amp;){1,3}\/g\nvar layer = L.ajaxGeoJson(src.replace(ampersandRegex, '&'), {\n    type: 'json',\n    style : layerStyle,\n    onEachFeature : onEachFeature,\n    pointToLayer: pointToLayer\n});\nvar fitbounds = 0;\nvar circleMarker = 0;\nvar popup_text = window.WPLeafletMapPlugin.unescape(\"&lt;br&gt;&lt;p&gt;&lt;a href=&quot;https:\/\/www.industriekultur-krefeld.org\/index.php\/{name}&quot;&gt;{title}&lt;br \/&gt;&lt;button&gt;&lt;i class=&quot;material-icons&quot;&gt;account_balance&lt;\/i&gt;Ansehen&lt;\/button&gt;&lt;\/a&gt;&lt;a href=&quot;http:\/\/maps.google.com\/maps?q={lat},{lng}&amp;amp;navigate=yes&quot;&gt;&lt;button&gt;&lt;i class=&quot;material-icons&quot;&gt;explore&lt;\/i&gt;Navigation starten&lt;\/button&gt;&lt;\/a&gt;&lt;\/p&gt;&lt;br&gt;&lt;p&gt;\");\nvar popup_property = \"\";\nvar table_view = 0;\nvar group = window.WPLeafletMapPlugin.getCurrentGroup();\nvar markerOptions = window.WPLeafletMapPlugin.getIconOptions({});\nlayer.addTo( group );\nwindow.WPLeafletMapPlugin.geojsons.push( layer );\nif (fitbounds) {\n    layer.on('ready', function () {\n        this.map.fitBounds( this.getBounds() );\n    });\n}\nfunction layerStyle (feature) {\n    var props = feature.properties || {};\n    var style = {};\n    function camelFun (_, first_letter) {\n        return first_letter.toUpperCase();\n    };\n    for (var key in props) {\n        if (key.match('-')) {\n            var camelcase = key.replace(\/-(\\w)\/, camelFun);\n            style[ camelcase ] = props[ key ];\n        }\n        \/\/ rewrite style keys from geojson.io\n        if (rewrite_keys[ key ]) {\n            style[ rewrite_keys[ key ] ] = props[ key ];\n        }\n    }\n    return L.Util.extend(style, default_style);\n}\nfunction onEachFeature (feature, layer) {\n    var props = feature.properties || {};\n    var text;\n    if (table_view) {\n        text = window.WPLeafletMapPlugin.propsToTable(props);\n    } else {\n        text = popup_property\n            ? props[ popup_property ]\n            : window.WPLeafletMapPlugin.template(\n                popup_text, \n                feature.properties\n            );\n    }\n    if (text) {\n        layer.bindPopup( text );\n    }\n}\n    function pointToLayer (feature, latlng) {\n    if (circleMarker) {\n        return L.circleMarker(latlng);\n    }\n    return L.marker(latlng, markerOptions);\n}});<\/script>\n<script>\nwindow.WPLeafletMapPlugin = window.WPLeafletMapPlugin || [];\nwindow.WPLeafletMapPlugin.push(function WPLeafletScaleShortcode() {window.WPLeafletMapPlugin.createScale({\"imperial\":false,\"position\":\"topright\"});});<\/script><\/p>\n\n\n\n<figure class=\"wp-block-image size-large\"><a href=\"https:\/\/www.industriekultur-krefeld.org\/wp-content\/uploads\/F005532126128000000000010003_0528_0416R000HF_A.jpg\"><img loading=\"lazy\" decoding=\"async\" width=\"1024\" height=\"748\" src=\"https:\/\/www.industriekultur-krefeld.org\/wp-content\/uploads\/F005532126128000000000010003_0528_0416R000HF_A-1024x748.jpg\" alt=\"\" class=\"wp-image-1115\" srcset=\"https:\/\/www.industriekultur-krefeld.org\/wp-content\/uploads\/F005532126128000000000010003_0528_0416R000HF_A-1024x748.jpg 1024w, https:\/\/www.industriekultur-krefeld.org\/wp-content\/uploads\/F005532126128000000000010003_0528_0416R000HF_A-300x219.jpg 300w, https:\/\/www.industriekultur-krefeld.org\/wp-content\/uploads\/F005532126128000000000010003_0528_0416R000HF_A-768x561.jpg 768w, https:\/\/www.industriekultur-krefeld.org\/wp-content\/uploads\/F005532126128000000000010003_0528_0416R000HF_A-1536x1122.jpg 1536w, https:\/\/www.industriekultur-krefeld.org\/wp-content\/uploads\/F005532126128000000000010003_0528_0416R000HF_A.jpg 1800w\" sizes=\"auto, (max-width: 767px) 89vw, (max-width: 1000px) 54vw, (max-width: 1071px) 543px, 580px\" \/><\/a><figcaption>Crefelder Baumwollspinnerei, Foto: Firmenschrift zum 25j\u00e4hrigen Bestehen, <em>1921<\/em><\/figcaption><\/figure>\n\n\n\n<p>Im Wechsel von der Hauweberei zum mechanisierten Fabriksystem herrschte in Krefeld Wohnungsnot. Eigene Arbeitersiedlungen zu bauen war allerdings f\u00fcr die Stadt Krefeld bisher nicht in Betracht gekommen. Die junge Baumwollspinnerei hatte zudem das Problem, dass die Mehrheit der Textilarbeiter die in der Seidenindustrie arbeiteten, ein h\u00f6heres Lohnniveau erforderten. <\/p>\n\n\n\n<figure class=\"wp-block-image size-large\"><a href=\"https:\/\/www.industriekultur-krefeld.org\/wp-content\/uploads\/image-12.png\"><img loading=\"lazy\" decoding=\"async\" width=\"1024\" height=\"798\" src=\"https:\/\/www.industriekultur-krefeld.org\/wp-content\/uploads\/image-12-1024x798.png\" alt=\"\" class=\"wp-image-1116\" srcset=\"https:\/\/www.industriekultur-krefeld.org\/wp-content\/uploads\/image-12-1024x798.png 1024w, https:\/\/www.industriekultur-krefeld.org\/wp-content\/uploads\/image-12-300x234.png 300w, https:\/\/www.industriekultur-krefeld.org\/wp-content\/uploads\/image-12-768x599.png 768w, https:\/\/www.industriekultur-krefeld.org\/wp-content\/uploads\/image-12.png 1530w\" sizes=\"auto, (max-width: 767px) 89vw, (max-width: 1000px) 54vw, (max-width: 1071px) 543px, 580px\" \/><\/a><figcaption>Arbeiterschaft der Crefelder Baumwollspinnerei. Foto: Firmenschrift zum 25j\u00e4hrigen Bestehen, 1921<\/figcaption><\/figure>\n\n\n\n<p>Um den Mangel an Arbeitskr\u00e4ften auszugleichen, warb die Baumwollspinnerei g\u00fcnstigere und ausgebildete Arbeitskr\u00e4fte aus \u00d6ster\u00adreich-Ungarn und der Tschechoslowakei an\u00ad und quartierte diese in im Jahr 1900 eigens gebauten Wohnh\u00e4usern auf dem Werksgrundst\u00fcck in der Ulmenstra\u00dfe ein. Die Ulmenstra\u00dfe ist dem Zufolge die urspr\u00fcngliche Siedlung Klein \u00d6sterreich gewesen, zur heute so genannten Siedlung mehr unter &#8220;<a href=\"https:\/\/www.industriekultur-krefeld.org\/index.php\/siedlung-klein-oesterreich\/\" data-type=\"page\" data-id=\"804\">Siedlung Klein \u00d6sterreich<\/a>&#8221; und und diesem Zusammenhang auch &#8220;<a href=\"https:\/\/www.industriekultur-krefeld.org\/index.php\/siedlung-stahldorf\/\" data-type=\"page\" data-id=\"737\">Siedlung Stahldorf<\/a>&#8220;. <\/p>\n\n\n\n<p>Nachdem die Textilkrise in den 60er\/70er Jahren zu zahlreichen Firmen- Stilllegungen f\u00fchrte, wurde auch die Krefelder Baumwollspinnerei im Jahr 1971 geschlossen. Das imposante Hauptgeb\u00e4ude wurde durch die Stadt Krefeld \u00fcbernommen und sollte die Fachhochschule aufnehmen. 1977 geriet allerdings im Keller gelagertes Papier in Brand und besch\u00e4digt das Geb\u00e4ude schwer. In Nordrhein Westfalen gab es bis dato kein Denkmalschutzgesetz. Der Erhalt wurde nun nicht mehr favorisiert und das Geb\u00e4ude wurde 1978 letztendlich abgebrochen. <\/p>\n\n\n\n<hr class=\"wp-block-separator\"\/>\n\n\n\n<p>\u00dcberlebt haben aber einige der Siedlungsh\u00e4user der Ulmenstra\u00dfe, obwohl die H\u00e4user seit der Stilllegung der Spinnerei ebenso insgesamt vom Abriss bedroht waren. Die einzelnen H\u00e4user bestehen aus Erd-, Ober- und einem Dachgeschoss und in jedem Doppelhaus waren vier Familien untergebracht, in einigen H\u00e4usern wohnte zudem noch ein Mieter auf dem Speicher. <\/p>\n\n\n\n<div class=\"wp-block-group\"><div class=\"wp-block-group__inner-container is-layout-flow wp-block-group-is-layout-flow\">\n<figure class=\"wp-block-image size-large\"><a href=\"https:\/\/www.industriekultur-krefeld.org\/wp-content\/uploads\/image-11.png\"><img loading=\"lazy\" decoding=\"async\" width=\"1024\" height=\"355\" src=\"https:\/\/www.industriekultur-krefeld.org\/wp-content\/uploads\/image-11-1024x355.png\" alt=\"\" class=\"wp-image-1106\" srcset=\"https:\/\/www.industriekultur-krefeld.org\/wp-content\/uploads\/image-11-1024x355.png 1024w, https:\/\/www.industriekultur-krefeld.org\/wp-content\/uploads\/image-11-300x104.png 300w, https:\/\/www.industriekultur-krefeld.org\/wp-content\/uploads\/image-11-768x266.png 768w, https:\/\/www.industriekultur-krefeld.org\/wp-content\/uploads\/image-11-1536x533.png 1536w, https:\/\/www.industriekultur-krefeld.org\/wp-content\/uploads\/image-11-2048x710.png 2048w\" sizes=\"auto, (max-width: 767px) 89vw, (max-width: 1000px) 54vw, (max-width: 1071px) 543px, 580px\" \/><\/a><figcaption>Crefelder Baumwollspinnerei AG, Werksperspektive<\/figcaption><\/figure>\n\n\n\n<p>Die Siedlung ist auf einem undatierten Briefkopf als Doppelreihe mit insgesamt acht Doppelh\u00e4usern deutlich zu erkennen. <\/p>\n<\/div><\/div>\n\n\n\n<p>Der Zustand der H\u00e4user war bereits nach dem Ersten Weltkrieg bedenklich geworden, auch nach der \u00dcbernahme der Spinnerei und H\u00e4user durch die Wohnst\u00e4tte Krefeld Gemeinn\u00fctzige Wohnungs-Aktiengesellschaft besserte sich zun\u00e4chst nichts, bis die Geb\u00e4ude modernisiert wurden und zwischen den einzelnen H\u00e4usern Neubauelemente mit Sanit\u00e4rzellen eingef\u00fcgt wurden. 1982 wurden die H\u00e4user unter Denkmalschutz gestellt und befinden sich in Privatbesitz.<\/p>\n\n\n\n<hr class=\"wp-block-separator\"\/>\n\n\n\n<figure class=\"wp-block-image size-large\"><a href=\"https:\/\/www.industriekultur-krefeld.org\/wp-content\/uploads\/IMG_4620-scaled.jpg\"><img decoding=\"async\" src=\"https:\/\/www.industriekultur-krefeld.org\/wp-content\/uploads\/IMG_4620-1024x674.jpg\" alt=\"\" class=\"wp-image-1100\"\/><\/a><\/figure>\n\n\n\n<h2 class=\"has-vivid-red-color has-text-color wp-block-heading\">Mehr lesen<\/h2>\n\n\n\n<div class=\"wp-block-columns is-layout-flex wp-container-core-columns-is-layout-9d6595d7 wp-block-columns-is-layout-flex\">\n<div class=\"wp-block-column is-layout-flow wp-block-column-is-layout-flow\">\n<figure class=\"wp-block-image size-large\"><a href=\"https:\/\/www.industriekultur-krefeld.org\"><img loading=\"lazy\" decoding=\"async\" width=\"685\" height=\"425\" src=\"https:\/\/www.industriekultur-krefeld.org\/wp-content\/uploads\/Logo_IK-KREFELD_2020.png\" alt=\"\" class=\"wp-image-549\" srcset=\"https:\/\/www.industriekultur-krefeld.org\/wp-content\/uploads\/Logo_IK-KREFELD_2020.png 685w, https:\/\/www.industriekultur-krefeld.org\/wp-content\/uploads\/Logo_IK-KREFELD_2020-300x186.png 300w\" sizes=\"auto, (max-width: 685px) 100vw, 685px\" \/><\/a><\/figure>\n<\/div>\n\n\n\n<div class=\"wp-block-column is-vertically-aligned-top is-layout-flow wp-block-column-is-layout-flow\">\n<p><span><a style=\"font-weight: bold;\" href=\"https:\/\/www.industriekultur-krefeld.org\/index.php\/rheinhafen-krefeld\/\">Deutsche Edelstahlwerke<\/a><\/span><br><br><a href=\"https:\/\/www.industriekultur-krefeld.org\/index.php\/siedlung-stahldorf\/\" data-type=\"page\" data-id=\"737\">Siedlung Stahldorf<\/a><\/p>\n\n\n\n<p><a href=\"https:\/\/www.industriekultur-krefeld.org\/index.php\/siedlung-ulmenstrasse\/\" data-type=\"page\" data-id=\"808\">Siedlung Ulmenstra\u00dfe<\/a><\/p>\n\n\n\n<p><a href=\"https:\/\/www.industriekultur-krefeld.org\/index.php\/siedlung-lindental\/\" data-type=\"page\" data-id=\"1134\">Siedlung Lindental<\/a><\/p>\n\n\n\n<p><a href=\"https:\/\/www.industriekultur-krefeld.org\/index.php\/siedlung-klein-oesterreich\/\" data-type=\"page\" data-id=\"804\">Siedlung Klein \u00d6sterreich<\/a><\/p>\n<\/div>\n<\/div>\n\n\n\n<div class=\"wp-block-media-text alignwide is-vertically-aligned-top\"><figure class=\"wp-block-media-text__media\"><a href=\"http:\/\/www.rheinische-industriekultur.com\"><img loading=\"lazy\" decoding=\"async\" width=\"340\" height=\"275\" src=\"https:\/\/www.industriekultur-krefeld.org\/wp-content\/uploads\/Button-RI-on-2.png\" alt=\"\" class=\"wp-image-291 size-full\" srcset=\"https:\/\/www.industriekultur-krefeld.org\/wp-content\/uploads\/Button-RI-on-2.png 340w, https:\/\/www.industriekultur-krefeld.org\/wp-content\/uploads\/Button-RI-on-2-300x243.png 300w\" sizes=\"auto, (max-width: 340px) 100vw, 340px\" \/><\/a><\/figure><div class=\"wp-block-media-text__content\">\n<p><br><a href=\"https:\/\/www.rheinische-industriekultur.com\/seiten\/objekte\/orte\/krefeld\/objekte\/edelstahlwerke.html\">Deutsche Edelstahlwerke<\/a><br>von Christoph Becker <\/p>\n<\/div><\/div>\n","protected":false},"excerpt":{"rendered":"<p>1896 wird in Krefeld das damals schon aufsehen erregende schlossartige Geb\u00e4ude einer Baumwollspinnerei als viergeschossiger, turmumstandener Bau errichtet, in der eine 2400-PS-Dampfmaschine fast 80.000 Spindeln antreibt. Die gr\u00f6\u00dften Probleme der Anfangsjahre der Crefelder Baumwollspinnerei AG war aber nicht ihre technische Ausr\u00fcstung, sondern die fehlenden Arbeiter. Die Arbeitskr\u00e4fte kamen zu einem gro\u00dfen Teil aus B\u00f6hmen. Auf &hellip; <\/p>\n<p class=\"link-more\"><a href=\"https:\/\/www.industriekultur-krefeld.org\/index.php\/siedlung-ulmenstrasse\/\" class=\"more-link\"><span class=\"screen-reader-text\">\u201eSiedlung Ulmenstra\u00dfe\u201c <\/span>weiterlesen<\/a><\/p>\n","protected":false},"author":1,"featured_media":1104,"parent":0,"menu_order":44,"comment_status":"open","ping_status":"closed","template":"","meta":{"footnotes":""},"categories":[7],"tags":[45,48],"class_list":["post-808","page","type-page","status-publish","has-post-thumbnail","hentry","category-krefeld-suedlich-der-bahnlinien","tag-siedlungen","tag-fischeln"],"_links":{"self":[{"href":"https:\/\/www.industriekultur-krefeld.org\/index.php\/wp-json\/wp\/v2\/pages\/808","targetHints":{"allow":["GET"]}}],"collection":[{"href":"https:\/\/www.industriekultur-krefeld.org\/index.php\/wp-json\/wp\/v2\/pages"}],"about":[{"href":"https:\/\/www.industriekultur-krefeld.org\/index.php\/wp-json\/wp\/v2\/types\/page"}],"author":[{"embeddable":true,"href":"https:\/\/www.industriekultur-krefeld.org\/index.php\/wp-json\/wp\/v2\/users\/1"}],"replies":[{"embeddable":true,"href":"https:\/\/www.industriekultur-krefeld.org\/index.php\/wp-json\/wp\/v2\/comments?post=808"}],"version-history":[{"count":15,"href":"https:\/\/www.industriekultur-krefeld.org\/index.php\/wp-json\/wp\/v2\/pages\/808\/revisions"}],"predecessor-version":[{"id":5552,"href":"https:\/\/www.industriekultur-krefeld.org\/index.php\/wp-json\/wp\/v2\/pages\/808\/revisions\/5552"}],"wp:featuredmedia":[{"embeddable":true,"href":"https:\/\/www.industriekultur-krefeld.org\/index.php\/wp-json\/wp\/v2\/media\/1104"}],"wp:attachment":[{"href":"https:\/\/www.industriekultur-krefeld.org\/index.php\/wp-json\/wp\/v2\/media?parent=808"}],"wp:term":[{"taxonomy":"category","embeddable":true,"href":"https:\/\/www.industriekultur-krefeld.org\/index.php\/wp-json\/wp\/v2\/categories?post=808"},{"taxonomy":"post_tag","embeddable":true,"href":"https:\/\/www.industriekultur-krefeld.org\/index.php\/wp-json\/wp\/v2\/tags?post=808"}],"curies":[{"name":"wp","href":"https:\/\/api.w.org\/{rel}","templated":true}]}}